{"id":62,"date":"2024-12-29T12:35:44","date_gmt":"2024-12-29T11:35:44","guid":{"rendered":"http:\/\/debwp\/?page_id=62"},"modified":"2025-10-27T18:10:10","modified_gmt":"2025-10-27T17:10:10","slug":"nos-solutions","status":"publish","type":"page","link":"https:\/\/www.centrepro.info\/index.php\/nos-solutions\/","title":{"rendered":"Nos solutions"},"content":{"rendered":"\n<div class=\"wp-block-group alignwide has-global-padding is-layout-constrained wp-block-group-is-layout-constrained\">\n<h1 class=\"wp-block-heading alignwide has-text-align-center has-xx-large-font-size\" style=\"line-height:1.2\">Sous contrat ou non, notre objectif reste le service avant tout<\/h1>\n<\/div>\n\n\n\n<div class=\"wp-block-group alignfull has-global-padding is-layout-constrained wp-container-core-group-is-layout-0747478d wp-block-group-is-layout-constrained\" style=\"padding-top:var(--wp--preset--spacing--50);padding-right:var(--wp--preset--spacing--50);padding-bottom:var(--wp--preset--spacing--50);padding-left:var(--wp--preset--spacing--50)\">\n<div class=\"wp-block-columns alignwide is-layout-flex wp-container-core-columns-is-layout-ff4b9c61 wp-block-columns-is-layout-flex\" style=\"margin-top:0;margin-bottom:0\">\n<div class=\"wp-block-column is-layout-flow wp-container-core-column-is-layout-8a368f38 wp-block-column-is-layout-flow\">\n<div class=\"wp-block-cover is-light\"><img loading=\"lazy\" decoding=\"async\" width=\"1024\" height=\"683\" class=\"wp-block-cover__image-background wp-image-449 size-large\" alt=\"\" src=\"https:\/\/www.centrepro.info\/wp-content\/uploads\/2025\/09\/copieur-1024x683.jpg\" data-object-fit=\"cover\" srcset=\"https:\/\/www.centrepro.info\/wp-content\/uploads\/2025\/09\/copieur-1024x683.jpg 1024w, https:\/\/www.centrepro.info\/wp-content\/uploads\/2025\/09\/copieur-300x200.jpg 300w, https:\/\/www.centrepro.info\/wp-content\/uploads\/2025\/09\/copieur-768x512.jpg 768w, https:\/\/www.centrepro.info\/wp-content\/uploads\/2025\/09\/copieur-1536x1024.jpg 1536w, https:\/\/www.centrepro.info\/wp-content\/uploads\/2025\/09\/copieur-2048x1365.jpg 2048w\" sizes=\"auto, (max-width: 1024px) 100vw, 1024px\" \/><span aria-hidden=\"true\" class=\"wp-block-cover__background has-background-dim-30 has-background-dim\" style=\"background-color:#cbccc7\"><\/span><div class=\"wp-block-cover__inner-container is-layout-flow wp-block-cover-is-layout-flow\">\n<p class=\"has-text-align-center has-large-font-size\"><a href=\"http:\/\/centrwu.cluster021.hosting.ovh.net\/index.php\/limpression\/\" data-type=\"page\" data-id=\"45\"><mark style=\"background-color:rgba(0, 0, 0, 0)\" class=\"has-inline-color has-base-color\">Les mat\u00e9riels d&rsquo;impressions<\/mark><\/a><\/p>\n<\/div><\/div>\n\n\n\n<div class=\"wp-block-cover is-light\"><img loading=\"lazy\" decoding=\"async\" width=\"1024\" height=\"683\" class=\"wp-block-cover__image-background wp-image-667 size-large\" alt=\"\" src=\"https:\/\/www.centrepro.info\/wp-content\/uploads\/2025\/09\/portable-2048x1365-1-1024x683.jpg\" data-object-fit=\"cover\" srcset=\"https:\/\/www.centrepro.info\/wp-content\/uploads\/2025\/09\/portable-2048x1365-1-1024x683.jpg 1024w, https:\/\/www.centrepro.info\/wp-content\/uploads\/2025\/09\/portable-2048x1365-1-300x200.jpg 300w, https:\/\/www.centrepro.info\/wp-content\/uploads\/2025\/09\/portable-2048x1365-1-768x512.jpg 768w, https:\/\/www.centrepro.info\/wp-content\/uploads\/2025\/09\/portable-2048x1365-1-1536x1024.jpg 1536w, https:\/\/www.centrepro.info\/wp-content\/uploads\/2025\/09\/portable-2048x1365-1.jpg 2048w\" sizes=\"auto, (max-width: 1024px) 100vw, 1024px\" \/><span aria-hidden=\"true\" class=\"wp-block-cover__background has-background-dim-30 has-background-dim\" style=\"background-color:#c1bcb9\"><\/span><div class=\"wp-block-cover__inner-container is-layout-flow wp-block-cover-is-layout-flow\">\n<p class=\"has-text-align-center has-large-font-size\"><a href=\"http:\/\/centrwu.cluster021.hosting.ovh.net\/index.php\/linformatique\/\" data-type=\"page\" data-id=\"109\"><mark style=\"background-color:rgba(0, 0, 0, 0)\" class=\"has-inline-color has-base-color\">Les mat\u00e9riels informatiques<\/mark><\/a><\/p>\n<\/div><\/div>\n<\/div>\n\n\n\n<div class=\"wp-block-column is-layout-flow wp-container-core-column-is-layout-8736a895 wp-block-column-is-layout-flow\" style=\"padding-top:0\">\n<div style=\"height:var(--wp--preset--spacing--50)\" aria-hidden=\"true\" class=\"wp-block-spacer\"><\/div>\n\n\n\n<div class=\"wp-block-cover\"><img loading=\"lazy\" decoding=\"async\" width=\"800\" height=\"800\" class=\"wp-block-cover__image-background wp-image-408 size-full\" alt=\"\" src=\"https:\/\/www.centrepro.info\/wp-content\/uploads\/2025\/09\/access-control.png\" data-object-fit=\"cover\" srcset=\"https:\/\/www.centrepro.info\/wp-content\/uploads\/2025\/09\/access-control.png 800w, https:\/\/www.centrepro.info\/wp-content\/uploads\/2025\/09\/access-control-300x300.png 300w, https:\/\/www.centrepro.info\/wp-content\/uploads\/2025\/09\/access-control-150x150.png 150w, https:\/\/www.centrepro.info\/wp-content\/uploads\/2025\/09\/access-control-768x768.png 768w\" sizes=\"auto, (max-width: 800px) 100vw, 800px\" \/><span aria-hidden=\"true\" class=\"wp-block-cover__background has-background-dim-20 has-background-dim\" style=\"background-color:#615251\"><\/span><div class=\"wp-block-cover__inner-container is-layout-flow wp-block-cover-is-layout-flow\">\n<p class=\"has-text-align-center has-large-font-size\"><a href=\"http:\/\/centrwu.cluster021.hosting.ovh.net\/index.php\/le-controle-dacces\/\" data-type=\"page\" data-id=\"142\"><mark style=\"background-color:rgba(0, 0, 0, 0)\" class=\"has-inline-color has-base-color\">Les alarmes<\/mark><\/a><\/p>\n<\/div><\/div>\n\n\n\n<div class=\"wp-block-cover is-light\" style=\"min-height:430px;aspect-ratio:unset;\"><img loading=\"lazy\" decoding=\"async\" width=\"814\" height=\"1024\" class=\"wp-block-cover__image-background wp-image-710 size-large\" alt=\"\" src=\"https:\/\/www.centrepro.info\/wp-content\/uploads\/2025\/09\/telephone-814x1024.jpg\" data-object-fit=\"cover\" srcset=\"https:\/\/www.centrepro.info\/wp-content\/uploads\/2025\/09\/telephone-814x1024.jpg 814w, https:\/\/www.centrepro.info\/wp-content\/uploads\/2025\/09\/telephone-239x300.jpg 239w, https:\/\/www.centrepro.info\/wp-content\/uploads\/2025\/09\/telephone-768x966.jpg 768w, https:\/\/www.centrepro.info\/wp-content\/uploads\/2025\/09\/telephone.jpg 958w\" sizes=\"auto, (max-width: 814px) 100vw, 814px\" \/><span aria-hidden=\"true\" class=\"wp-block-cover__background has-background-dim\" style=\"background-color:#978178\"><\/span><div class=\"wp-block-cover__inner-container is-layout-flow wp-block-cover-is-layout-flow\">\n<p class=\"has-text-align-center has-large-font-size\"><a href=\"http:\/\/centrwu.cluster021.hosting.ovh.net\/index.php\/telephonie\/\" data-type=\"page\" data-id=\"36\"><mark style=\"background-color:rgba(0, 0, 0, 0)\" class=\"has-inline-color has-base-color\">La t\u00e9l\u00e9phonie<\/mark><\/a><\/p>\n<\/div><\/div>\n<\/div>\n\n\n\n<div class=\"wp-block-column is-layout-flow wp-container-core-column-is-layout-8a368f38 wp-block-column-is-layout-flow\">\n<div class=\"wp-block-query is-layout-flow wp-block-query-is-layout-flow\"><\/div>\n\n\n\n<p><strong>Quelque soit le domaine d&rsquo;activit\u00e9, notre \u00e9ventail de solutions peut couvrir pratiquement toutes les probl\u00e9matiques li\u00e9es \u00e0 l&rsquo;exploitation d&rsquo;une entreprise.<\/strong><\/p>\n\n\n\n<div style=\"height:40px\" aria-hidden=\"true\" class=\"wp-block-spacer\"><\/div>\n\n\n\n<p><strong>Chaque activit\u00e9 \u00e9tant diff\u00e9rente mais intimement li\u00e9e, les unes allant rarement sans l&rsquo;autre.<\/strong><\/p>\n\n\n\n<div style=\"height:59px\" aria-hidden=\"true\" class=\"wp-block-spacer\"><\/div>\n\n\n\n<div class=\"wp-block-cover\"><img loading=\"lazy\" decoding=\"async\" width=\"564\" height=\"842\" class=\"wp-block-cover__image-background wp-image-705 size-full\" alt=\"\" src=\"https:\/\/www.centrepro.info\/wp-content\/uploads\/2025\/09\/Reseau.jpg\" data-object-fit=\"cover\" srcset=\"https:\/\/www.centrepro.info\/wp-content\/uploads\/2025\/09\/Reseau.jpg 564w, https:\/\/www.centrepro.info\/wp-content\/uploads\/2025\/09\/Reseau-201x300.jpg 201w\" sizes=\"auto, (max-width: 564px) 100vw, 564px\" \/><span aria-hidden=\"true\" class=\"wp-block-cover__background has-background-dim\" style=\"background-color:#706a63\"><\/span><div class=\"wp-block-cover__inner-container is-layout-flow wp-block-cover-is-layout-flow\">\n<p class=\"has-text-align-center has-large-font-size\"><a href=\"http:\/\/centrwu.cluster021.hosting.ovh.net\/index.php\/les-reseaux\/\" data-type=\"page\" data-id=\"239\"><mark style=\"background-color:rgba(0, 0, 0, 0)\" class=\"has-inline-color has-base-color\">Les r\u00e9seaux<\/mark><\/a><\/p>\n<\/div><\/div>\n<\/div>\n<\/div>\n\n\n\n<div class=\"wp-block-cover is-light\"><img loading=\"lazy\" decoding=\"async\" width=\"640\" height=\"342\" class=\"wp-block-cover__image-background wp-image-772 size-full\" alt=\"\" src=\"https:\/\/www.centrepro.info\/wp-content\/uploads\/2025\/10\/image_2022_02_16T14_24_59_627Z_0-e1761584978234.png\" data-object-fit=\"cover\" srcset=\"https:\/\/www.centrepro.info\/wp-content\/uploads\/2025\/10\/image_2022_02_16T14_24_59_627Z_0-e1761584978234.png 640w, https:\/\/www.centrepro.info\/wp-content\/uploads\/2025\/10\/image_2022_02_16T14_24_59_627Z_0-e1761584978234-300x160.png 300w\" sizes=\"auto, (max-width: 640px) 100vw, 640px\" \/><span aria-hidden=\"true\" class=\"wp-block-cover__background has-background-dim\" style=\"background-color:#adb9c3\"><\/span><div class=\"wp-block-cover__inner-container is-layout-flow wp-block-cover-is-layout-flow\">\n<p class=\"has-text-align-center has-large-font-size\"><a href=\"http:\/\/centrwu.cluster021.hosting.ovh.net\/index.php\/la-videosurveillance\/\" data-type=\"page\" data-id=\"141\"><mark style=\"background-color:rgba(0, 0, 0, 0)\" class=\"has-inline-color has-base-2-color\">La vid\u00e9osurveillance<\/mark><\/a><\/p>\n<\/div><\/div>\n<\/div>\n","protected":false},"excerpt":{"rendered":"<p>Sous contrat ou non, notre objectif reste le service avant tout Quelque soit le domaine d&rsquo;activit\u00e9, notre \u00e9ventail de solutions peut couvrir pratiquement toutes les probl\u00e9matiques li\u00e9es \u00e0 l&rsquo;exploitation d&rsquo;une entreprise. Chaque activit\u00e9 \u00e9tant diff\u00e9rente mais intimement li\u00e9e, les unes allant rarement sans l&rsquo;autre.<\/p>\n","protected":false},"author":1,"featured_media":646,"parent":0,"menu_order":0,"comment_status":"closed","ping_status":"closed","template":"","meta":{"footnotes":""},"class_list":["post-62","page","type-page","status-publish","has-post-thumbnail","hentry"],"_links":{"self":[{"href":"https:\/\/www.centrepro.info\/index.php\/wp-json\/wp\/v2\/pages\/62","targetHints":{"allow":["GET"]}}],"collection":[{"href":"https:\/\/www.centrepro.info\/index.php\/wp-json\/wp\/v2\/pages"}],"about":[{"href":"https:\/\/www.centrepro.info\/index.php\/wp-json\/wp\/v2\/types\/page"}],"author":[{"embeddable":true,"href":"https:\/\/www.centrepro.info\/index.php\/wp-json\/wp\/v2\/users\/1"}],"replies":[{"embeddable":true,"href":"https:\/\/www.centrepro.info\/index.php\/wp-json\/wp\/v2\/comments?post=62"}],"version-history":[{"count":10,"href":"https:\/\/www.centrepro.info\/index.php\/wp-json\/wp\/v2\/pages\/62\/revisions"}],"predecessor-version":[{"id":823,"href":"https:\/\/www.centrepro.info\/index.php\/wp-json\/wp\/v2\/pages\/62\/revisions\/823"}],"wp:featuredmedia":[{"embeddable":true,"href":"https:\/\/www.centrepro.info\/index.php\/wp-json\/wp\/v2\/media\/646"}],"wp:attachment":[{"href":"https:\/\/www.centrepro.info\/index.php\/wp-json\/wp\/v2\/media?parent=62"}],"curies":[{"name":"wp","href":"https:\/\/api.w.org\/{rel}","templated":true}]}}